s divided by 309?
20
What is the remainder when 1419 is divided by 29?
27
Calculate the remainder when 34 is divided by 32.
2
Calculate the remainder when 1511 is divided by 58.
3
What is the remainder when 941 is divided by 43?
38
Calculate the remainder when 603 is divided by 6.
3
What is the remainder when 61 is divided by 49?
12
What is the remainder when 1645 is divided by 27?
25
What is the remainder when 173 is divided by 59?
55
Calculate the remainder when 605 is divided by 149.
9
Calculate the remainder when 129 is divided by 25.
4
What is the remainder when 2074 is divided by 99?
94
Calculate the remainder when 406 is divided by 4.
2
Calculate the remainder when 376 is divided by 76.
72
Calculate the remainder when 1978 is divided by 74.
54
Calculate the remainder when 656 is divided by 168.
152
What is the remainder when 258 is divided by 81?
15
What is the remainder when 2732 is divided by 58?
6
What is the remainder when 1310 is divided by 9?
5
Calculate the remainder when 1366 is divided by 228.
226
Calculate the remainder when 172 is divided by 44.
40
What is the remainder when 735 is divided by 148?
143
What is the remainder when 182 is divided by 61?
60
Calculate the remainder when 60 is divided by 15.
0
What is the remainder when 151 is divided by 122?
29
Calculate the remainder when 98 is divided by 7.
0
What is the remainder when 289 is divided by 74?
67
What is the remainder when 221 is divided by 37?
36
Calculate the remainder when 1133 is divided by 174.
89
Calculate the remainder when 554 is divided by 15.
14
What is the remainder when 378 is divided by 105?
63
What is the remainder when 78 is divided by 20?
18
What is the remainder when 841 is divided by 145?
116
Calculate the remainder when 3008 is divided by 131.
126
What is the remainder when 88 is divided by 28?
4
Calculate the remainder when 2236 is divided by 14.
10
What is the remainder when 218 is divided by 209?
9
Calculate the remainder when 55 is divided by 20.
15
What is the remainder when 12397 is divided by 100?
97
Calculate the remainder when 91 is divided by 48.
43
Calculate the remainder when 120 is divided by 44.
32
Calculate the remainder when 117 is divided by 47.
23
Calculate the remainder when 40 is divided by 24.
16
What is the remainder when 89 is divided by 24?
17
Calculate the remainder when 4509 is divided by 16.
13
What is the remainder when 1033 is divided by 283?
184
Calculate the remainder when 3122 is divided by 22.
20
What is the remainder when 374 is divided by 47?
45
What is the remainder when 350 is divided by 24?
14
What is the remainder when 773 is divided by 203?
164
What is the remainder when 113 is divided by 21?
8
What is the remainder when 28838 is divided by 46?
42
Calculate the remainder when 15 is divided by 9.
6
Calculate the remainder when 425 is divided by 33.
29
What is the remainder when 356 is divided by 30?
26
What is the remainder when 179 is divided by 5?
4
What is the remainder when 655 is divided by 7?
4
Calculate the remainder when 184 is divided by 51.
31
What is the remainder when 498 is divided by 142?
72
What is the remainder when 693 is divided by 6?
3
Calculate the remainder when 12603 is divided by 6296.
11
What is the remainder when 137 is divided by 6?
5
What is the remainder when 866 is divided by 67?
62
What is the remainder when 1757 is divided by 12?
5
What is the remainder when 367 is divided by 78?
55
What is the remainder when 240 is divided by 110?
20
Calculate the remainder when 264 is divided by 14.
12
Calculate the remainder when 94 is divided by 89.
5
Calculate the remainder when 2002 is divided by 12.
10
What is the remainder when 141 is divided by 13?
11
Calculate the remainder when 902 is divided by 5.
2
What is the remainder when 563 is divided by 72?
59
Calculate the remainder when 607 is divided by 28.
19
What is the remainder when 481 is divided by 78?
13
What is the remainder when 40 is divided by 8?
0
Calculate the remainder when 392 is divided by 33.
29
Calculate the remainder when 8890 is divided by 12.
10
Calculate the remainder when 380 is divided by 12.
8
Calculate the remainder when 2151 is divided by 348.
63
What is the remainder when 664 is divided by 29?
26
What is the remainder when 52 is divided by 15?
7
What is the remainder when 118 is divided by 118?
0
Calculate the remainder when 181 is divided by 23.
20
Calculate the remainder when 408 is divided by 114.
66
What is the remainder when 460 is divided by 14?
12
What is the remainder when 374 is divided by 143?
88
Calculate the remainder when 167 is divided by 32.
7
What is the remainder when 1928 is divided by 16?
8
Calculate the remainder when 19219 is divided by 72.
67
Calculate the remainder when 719 is divided by 29.
23
Calculate the remainder when 92 is divided by 37.
18
Calculate the remainder when 305 is divided by 83.
56
What is the remainder when 3789 is divided by 15?
9
What is the remainder when 899 is divided by 855?
44
Calculate the remainder when 1903 is divided by 45.
13
What is the remainder when 617 is divided by 462?
155
What is the remainder when 360 is divided by 184?
176
What is the remainder when 153 is divided by 8?
1
Calculate the remainder when 1227 is divided by 104.
83
What is the remainder when 570 is divided by 24?
18
What is the remainder when 1496 is divided by 297?
11
Calculate the remainder when 595 is divided by 178.
61
Calculate the remainder when 74 is divided by 27.
20
Calculate the remainder when 849 is divided by 340.
169
What is the remainder when 243 is divided by 16?
3
Calculate the remainder when 2835 is divided by 2830.
5
Calculate the remainder when 1871 is divided by 52.
51
Calculate the remainder when 83 is divided by 8.
3
Calculate the remainder when 597 is divided by 30.
27
Calculate the remainder when 1085 is divided by 73.
63
What is the remainder when 1995 is divided by 125?
120
Calculate the remainder when 96 is divided by 25.
21
Calculate the remainder when 1551 is divided by 170.
21
What is the remainder when 165 is divided by 3?
0
Calculate the remainder when 23922 is divided by 14.
10
Calculate the remainder when 440 is divided by 17.
15
What is the remainder when 726 is divided by 35?
26
Calculate the remainder when 587 is divided by 49.
48
What is the remainder when 387 is divided by 44?
35
Calculate the remainder when 1501 is divided by 24.
13
What is the remainder when 316 is divided by 26?
4
What is the remainder when 80 is divided by 75?
5
What is the remainder when 272 is divided by 45?
2
Calculate the remainder when 872 is divided by 18.
8
Calculate the remainder when 757 is divided by 186.
13
Calculate the remainder when 928 is divided by 156.
148
Calculate the remainder when 419 is divided by 20.
19
Calculate the remainder when 142 is divided by 50.
42
What is the remainder when 48 is divided by 5?
3
Calculate the remainder when 408 is divided by 6.
0
What is the remainder when 123 is divided by 38?
9
What is the remainder when 604 is divided by 55?
54
What is the remainder when 472 is divided by 434?
38
What is the remainder when 1965 is divided by 650?
15
What is the remainder when 179 is divided by 52?
23
What is the remainder when 54 is divided by 19?
16
Calculate the remainder when 150 is divided by 19.
17
What is the remainder when 79 is divided by 12?
7
What is the remainder when 98 is divided by 30?
8
What is the remainder when 1283 is divided by 370?
173
What is the remainder when 54 is divided by 19?
16
Calculate the remainder when 57 is divided by 39.
18
Calculate the remainder when 171 is divided by 46.
33
Calculate the remainder when 9051 is divided by 73.
72
What is the remainder when 9115 is divided by 24?
19
What is the remainder when 1484 is divided by 165?
164
Calculate the remainder when 506 is divided by 267.
239
What is the remainder when 118 is divided by 22?
8
Calculate the remainder when 299 is divided by 96.
11
What is the remainder when 449 is divided by 166?
117
Calculate the remainder when 57 is divided by 5.
2
What is the remainder when 148 is divided by 19?
15
Calculate the remainder when 700 is divided by 101.
94
What is the remainder when 568 is divided by 137?
20
Calculate the remainder when 507 is divided by 8.
3
Ca